t t be f(6). Let o = z - t. What is the greatest common factor of 4 and o?
4
Suppose 0 = 21*c + 139 - 937. Suppose -3*m = -28 - 29. What is the highest common factor of m and c?
19
Let q = -24 + 146. What is the highest common divisor of q and 2?
2
Let a(x) = -8*x**2 - 1. Let c be a(-1). Let t be -12*(c - (-6 - -2)). Calculate the greatest common factor of 30 and t.
30
Suppose -2229 + 181 = -o + 4*r, o + 2*r = 2048. Calculate the highest common factor of 64 and o.
64
Let h(q) = -99*q + 12. Let u be h(-2). What is the highest common divisor of 10 and u?
10
Suppose 0 = 2*m + 24 - 66. Suppose 3*f + m = 10*f. What is the greatest common divisor of 3 and f?
3
Suppose -5*b - 352 = -3*t, -9*b = 5*t - 10*b - 594. Calculate the greatest common factor of t and 14.
7
Suppose 1330 = -39*m + 53*m. Calculate the greatest common divisor of m and 171.
19
Suppose 19*y - 7182 = y. Calculate the highest common factor of y and 42.
21
Let s be (4 - 5/5) + (-272)/2. Let h = s - -153. Calculate the highest common divisor of 30 and h.
10
Let g be (-3)/9 - -158*2/12. Calculate the highest common divisor of g and 442.
26
Suppose i = u - 1, 2*u + 0*u + 28 = -4*i. Let l be (-32)/u + 3/(-1). Calculate the greatest common factor of l and 1.
1
Let p be 52/14 + (-2)/(-7). Let y be ((-24)/(-9))/((-22)/(-99)). Let c be (2*y/(-15))/(28/(-70)). Calculate the highest common factor of p and c.
4
Suppose -6 - 16 = 3*g + 5*t, 2 = 2*g - 5*t. Let x = g + 23. What is the greatest common divisor of x and 152?
19
Let o = -739 + 1111. Suppose o = 2*c + 4*c. What is the greatest common factor of c and 62?
62
Suppose 3*p - 80 = -4*n, 3*n + p = 46 + 14. What is the greatest common factor of 140 and n?
20
Let c = -1893 - -1899. Let q = 2 - -1. What is the highest common factor of q and c?
3
Suppose -2*c = 6 - 10. Suppose -41 = -c*u + 9. What is the highest common divisor of u and 225?
25
Suppose 176 = 5*i + 1. Let b = -5 + i. Calculate the greatest common divisor of b and 240.
30
Let v(w) = w**3 - 9*w**2 - 11*w + 14. Let a be (-1)/(-4) - 39/(-4). Let m be v(a). What is the greatest common factor of 28 and m?
4
Suppose 0*m + 4*m = 72. Suppose 2*q - 67 - 57 = -3*h, 0 = 4*h - 2*q - 170. Suppose 0 = -2*o + 9*o - h. What is the highest common divisor of o and m?
6
Suppose 3*s - 2 = 64. Suppose -9 = h - 4. Let i = h + 16. What is the highest common factor of s and i?
11
Let m(b) = -b - 3. Let h be m(-6). Let a(y) = y**3 - 30*y**2 - 40*y + 1203. Let z be a(30). Calculate the greatest common divisor of h and z.
3
Suppose 11*k + 3325 = 30*k. What is the greatest common divisor of 10 and k?
5
Suppose 0 = 20*f + 14*f - 544. Suppose 4*l = h + 580, -l + 105 + 59 = -5*h. What is the greatest common divisor of l and f?
16
Let w(x) = 125*x + 10. Let t(f) = 124*f + 9. Let h(v) = -6*t(v) + 5*w(v). Let u be h(-1). What is the greatest common factor of u and 46?
23
Let x = 4 - -1. Suppose 2 = -h + x. Calculate the greatest common factor of 2 and h.
1
Let k(z) = 186*z - 7. Let g be k(7). Suppose g = 7*w - 105. What is the greatest common divisor of w and 25?
25
Suppose -7*z + 3*z + 2*c + 1016 = 0, 5*z - 1240 = -5*c. What is the highest common divisor of 28 and z?
28
Suppose -54 = -2*q + 26. Suppose -31 = -14*m + 12*m - 3*i, -2*m + 2*i = -6. Calculate the highest common factor of q and m.
8
Let w(i) = 33*i**2 - i + 2. Suppose -8*r + 9 = -7. Let f be w(r). What is the greatest common factor of 88 and f?
44
Let i = 333 - 283. Calculate the highest common divisor of i and 110.
10
Suppose -5*a - 10 = 0, -2*c = -3*a + 2*a - 132. Let k = 82 - c. What is the greatest common divisor of 17 and k?
17
Let x = -41 - -54. Let w be (x/7 - 1)/(9/42). Calculate the greatest common factor of w and 36.
4
Let l(o) = 14*o + 354. Let b be l(-15). What is the greatest common divisor of 54 and b?
18
Suppose 4*t + 195 - 75 = 0. Let y = 31 + t. Calculate the greatest common divisor of y and 8.
1
Let t be ((-6)/(-4))/((-3)/(-132)) - -6. What is the highest common factor of 54 and t?
18
Let w = 66 + -55. Let u be ((-2)/(-5))/((-3)/15). Let f be 34 + 1 + 1*u. Calculate the highest common divisor of f and w.
11
Let r(n) be the third derivative of -5*n**4/24 + 5*n**3/3 - 12*n**2. Let j be r(-3). What is the greatest common factor of 225 and j?
25
Let f = 0 + -8. Let k(m) = -m**3 - 8*m**2 + 3*m - 9. Let d be k(f). Let c be (-4)/22 + (-501)/d. Calculate the greatest common divisor of c and 165.
15
Let f(o) = 3*o + 2. Let q be f(1). Let t(n) = 18*n + 2. Let x be t(1). Calculate the highest common factor of x and q.
5
Suppose 2*a - 10*a + 48 = 0. Let o be -1 - (-65)/4 - (-1)/(-4). What is the highest common factor of o and a?
3
Suppose 3*l + 7*t - 2*t - 559 = 0, 0 = -5*l + 5*t + 945. Calculate the highest common factor of l and 141.
47
Let m be (1888/(-112) - (-1)/(-7))/(-1). What is the greatest common factor of 527 and m?
17
Suppose 0 = 5*k + 4*k - 342. Let d = 106 - 49. What is the highest common factor of d and k?
19
Let k be 12*1 - -1*1. Let d(i) = -2*i - 27. Let u be d(-15). Suppose 27 = 3*r + u*s, 3*r + 2*s - 28 - 3 = 0. Calculate the highest common factor of k and r.
13
Suppose -7*k = -61 + 26. Calculate the highest common divisor of 55 and k.
5
Let p(x) = x**3 - x**2 - 3*x + 3. Let y = -3 + 6. Let u be p(y). Suppose 9*j - 18 = 5*j + 3*r, -10 = 5*r. What is the greatest common factor of j and u?
3
Suppose 4*r - 92*b = -89*b + 577, -5*r + 707 = b. Calculate the greatest common factor of 1349 and r.
71
Let w be 501 + ((-1480)/(-280) - (-4)/(-14)). What is the highest common factor of 88 and w?
22
Let t be ((-1)/2)/(6/(-732)). Let o = 67 - t. Suppose 0 = k + 2*k - 72. What is the greatest common factor of o and k?
6
Let c be -1 + 326 + (-4 - -44)/8. What is the greatest common factor of 60 and c?
30
Let y = -1563 + 1105. Let n = 643 + y. What is the greatest common divisor of n and 37?
37
Let i = 39 - 36. Suppose -4*b + 8 = 0, 3*l + i*b = -b + 218. Suppose a = 16 - 2. Calculate the highest common divisor of l and a.
14
Let r be 18/33 + (3736/88 - 10). What is the greatest common divisor of 264 and r?
33
Let k = -120 - -632. Let y(w) = -w**2 - 36*w + 365. Let t be y(7). Calculate the greatest common divisor of t and k.
64
Let u = -133 - -432. Calculate the greatest common factor of 23 and u.
23
Let y(p) = 42*p. Let x be y(-1). Let c be (4 - (-75)/(-10))*x. What is the highest common divisor of c and 21?
21
Suppose 1682 = 8*z + 730. What is the greatest common factor of 21 and z?
7
Let u(y) = 31*y - 8. Suppose -353 + 373 = 4*f. Let n be u(f). Calculate the highest common factor of 21 and n.
21
Let n be (-1)/((-4)/(43 + 1)). Let d = n + -7. Let w = -18 + 20. Calculate the greatest common divisor of w and d.
2
Let v(r) = -r**3 - 5*r**2 + 5*r - 4. Let x be v(-6). Suppose x*z + 252 = 4*z. What is the highest common divisor of 18 and z?
18
Let d(u) = u**2 - 3*u + 2. Let j be d(7). Let q be -1*(-5 - -1) - (0 + -6). Calculate the greatest common factor of q and j.
10
Suppose -4 = 2*l, 4*g + 4*l - 16 = 3*g. Let m = -14 + g. What is the greatest common divisor of m and 20?
10
Let x = 13 - -4. Let k = -15 - -18. Suppose -305 - 154 = -k*q. What is the greatest common factor of x and q?
17
Let r(k) = 10*k**2 + k - 2. Let o be r(2). Let z(p) = p**3 + 5*p**2 + 4*p - 1. Let d be z(-3). What is the highest common factor of o and d?
5
Suppose 31 = 14*q - 473. What is the highest common factor of q and 120?
12
Let o(j) = 14*j**2 - 7*j - 12. Let v be o(-3). Suppose -6*a = -15*a + v. Calculate the highest common factor of 1 and a.
1
Let i(c) = c**3 - 17*c**2 + 19*c - 20. Let r be i(16). Let x = r + -3. What is the highest common factor of 50 and x?
25
Suppose 2*u + 2*i - 17 - 53 = 0, -105 = -3*u + 5*i. Let m be (-11)/(-22)*(3/2 - 53/(-2)). What is the greatest common divisor of m and u?
7
Let f be (-12)/(-30) + (-4)/10. Suppose f = -5*j + 218 - 38. What is the highest common divisor of 12 and j?
12
Suppose -d = -5*q - 217, 2*d + 5*q - 245 = 189. What is the highest common factor of d and 31?
31
Let c(l) = l**3 - 5*l**2 + 5*l - 4. Let s be c(4). Suppose s = 2*b - 24 - 6. Let q = -74 - -134. Calculate the greatest common divisor of q and b.
15
Suppose 2*o + 13 = -7. Let d be (-288)/(-40)*o/2. Let w be d/20*-1*15. Calculate the highest common factor of w and 297